{"id":5923,"date":"2026-07-21T14:51:32","date_gmt":"2026-07-21T17:51:32","guid":{"rendered":"https:\/\/conslomasdezamora.esteri.it\/?page_id=5923"},"modified":"2026-09-04T10:10:13","modified_gmt":"2026-09-04T13:10:13","slug":"elezioni-com-it-es-2026","status":"publish","type":"page","link":"https:\/\/conslomasdezamora.esteri.it\/es\/servizi-consolari-e-visti\/servizi-per-il-cittadino-italiano\/servizi-elettorali\/elezioni-com-it-es-2026\/","title":{"rendered":"Elecciones COM.IT.ES. 2026"},"content":{"rendered":"<p><strong>Todas las informaciones, comunicados, formularios y calendario ser\u00e1n publicados en esta secci\u00f3n.<\/strong><\/p>\n<p>20\/07\/2026 \u2013\u00a0<a href=\"https:\/\/www.esteri.it\/it\/sala_stampa\/archivionotizie\/eventi\/2026\/05\/elezioni-dei-comites-2026\/\"><strong>Inicio campa\u00f1a informativa<\/strong><\/a><\/p>\n<p>13\/08\/2026 &#8211; <strong><a href=\"https:\/\/conslomasdezamora.esteri.it\/es\/news\/dal_consolato\/2026\/08\/modalita-per-la-richiesta-di-iscrizione-nellelenco-elettorale\/\">Modalidad para solicitar inscripci\u00f3n en el padr\u00f3n<\/a><\/strong><\/p>\n<p>31\/08\/2026 &#8211; <a href=\"https:\/\/conslomasdezamora.esteri.it\/es\/news\/dal_consolato\/2026\/08\/predisposizione-e-presentazione-liste-elettorali\/\"><strong>Predisposici\u00f3n y presentaci\u00f3n de las listas electorales<\/strong><\/a><\/p>\n<p>02\/09\/2026 &#8211; <a href=\"https:\/\/conslomasdezamora.esteri.it\/wp-content\/uploads\/2026\/09\/Modulo-accettazione-candidatura.pdf\"><span style=\"text-decoration: underline;\"><strong>M\u00f3dulo aceptaci\u00f3n candidatura elecciones Comites<\/strong><\/span><\/a><\/p>\n<p>03\/09\/2026 &#8211; <a href=\"https:\/\/conslomasdezamora.esteri.it\/wp-content\/uploads\/2026\/09\/Decreto-indizione-elezioni-Comites-2026.pdf\"><strong>Decreto convocatoria elecciones Comites<\/strong><\/a><\/p>\n<p>En 2026 tendr\u00e1n lugar las elecciones para la renovaci\u00f3n de los Comit\u00e9s de los Italianos en el Exterior (Com.It.Es).<\/p>\n<p>Los Com.It.Es. son organismos que representan a los connacionales en el exterior en sus relaciones con Embajadas y Consulados, y favorecen su integraci\u00f3n. Asimismo, tienen la tarea de preservar la memoria hist\u00f3rica de la emigraci\u00f3n italiana y de valorizar la contribuci\u00f3n italiana en las sociedades en las que operan.<\/p>\n<p>Pueden ser instituidos en las Circunscripciones Consulares que superen los 3.000 inscriptos AIRE y est\u00e1n compuestos por 12 miembros en las comunidades de hasta 100.000 connacionales y por 18 miembros en las comunidades que superen dicho umbral. Los miembros de los comit\u00e9s permanecen en funciones durante 5 a\u00f1os.<\/p>\n<p>La votaci\u00f3n para las elecciones se realiza por correspondencia y podr\u00e1n participar los connacionales residentes desde al menos 6 meses en la Circunscripci\u00f3n Consular de pertenencia.<\/p>\n<p>El Ministerio de Asuntos Exteriores y de la Cooperaci\u00f3n Internacional reafirma la importancia de la participaci\u00f3n en la votaci\u00f3n, momento esencial para fortalecer la representaci\u00f3n de las numerosas comunidades italianas en el exterior. Los Comit\u00e9s constituyen, de hecho, un punto de referencia constante para los connacionales, actuando como portavoces de sus necesidades y promoviendo sus intereses en los territorios de pertenencia.<\/p>\n<p>La Farnesina invita por lo tanto a todos los ciudadanos italianos residentes en el exterior a participar activamente en esta importante cita democr\u00e1tica, contribuyendo as\u00ed a sostener y valorizar a su comunidad italiana de referencia.<\/p>\n<p><strong>\u00bfQu\u00e9 es el Com.It.Es?<\/strong><br \/>\nEl Com.It.Es es un organismo representativo de la colectividad italiana que trabaja para lograr la integraci\u00f3n de la comunidad italiana residente en el Pa\u00eds extranjero donde se ubica.<\/p>\n<p><strong>\u00bfQu\u00e9 hace el Com.It.Es.?<\/strong><br \/>\nRepresenta a los conciudadanos en el exterior en sus relaciones con las Embajadas y los Consulados y favorece la integraci\u00f3n de los mismos. Asimismo, tiene la funci\u00f3n de preservar la memoria hist\u00f3rica de la emigraci\u00f3n italiana y poner en valor el aporte italiano en las sociedades en las que desarrolla sus actividades.<\/p>\n<p><strong>\u00bfCu\u00e1ndo se forma y qui\u00e9nes lo integran?<\/strong><br \/>\nEl Com.It.Es. puede constituirse en las Circunscripciones Consulares que superen los 3.000 inscriptos en el AIRE y est\u00e1 integrado por 12 miembros en las comunidades de hasta 100.000 connacionales y por 18 miembros en las comunidades que superen ese n\u00famero. Los miembros de los comit\u00e9s permanecen en sus funciones durante 5 a\u00f1os.<\/p>\n<p><strong>\u00bfPara qu\u00e9 se vota?<\/strong><br \/>\nSe vota para la renovaci\u00f3n del Comites para los Italianos en el Exterior.<\/p>\n<p><strong>\u00bfCu\u00e1ndo y c\u00f3mo se vota?<\/strong><br \/>\nPodr\u00e1n participar los ciudadanos italianos mayores de 18 a\u00f1os inscriptos al AIRE (Registro de los Italianos Residentes en el Exterior), residentes en la circunscripci\u00f3n consular desde al menos 6 meses antes de la fecha de las elecciones y que hayan presentado ante la sede consular correspondiente la solicitud de inscripci\u00f3n en el padr\u00f3n electoral.<\/p>\n","protected":false},"excerpt":{"rendered":"Todas las informaciones, comunicados, formularios y calendario ser\u00e1n publicados en esta secci\u00f3n. 20\/07\/2026 \u2013\u00a0Inicio campa\u00f1a informativa 13\/08\/2026 &#8211; Modalidad para solicitar inscripci\u00f3n en el padr\u00f3n 31\/08\/2026 &#8211; Predisposici\u00f3n y presentaci\u00f3n de las listas electorales 02\/09\/2026 &#8211; M\u00f3dulo aceptaci\u00f3n candidatura elecciones Comites 03\/09\/2026 &#8211; Decreto convocatoria elecciones Comites En 2026 tendr\u00e1n lugar las elecciones para la [&hellip;]","protected":false},"author":5,"featured_media":5935,"parent":164,"menu_order":1,"comment_status":"closed","ping_status":"closed","template":"","meta":{"footnotes":""},"class_list":["post-5923","page","type-page","status-publish","has-post-thumbnail","hentry"],"_links":{"self":[{"href":"https:\/\/conslomasdezamora.esteri.it\/es\/wp-json\/wp\/v2\/pages\/5923","targetHints":{"allow":["GET"]}}],"collection":[{"href":"https:\/\/conslomasdezamora.esteri.it\/es\/wp-json\/wp\/v2\/pages"}],"about":[{"href":"https:\/\/conslomasdezamora.esteri.it\/es\/wp-json\/wp\/v2\/types\/page"}],"author":[{"embeddable":true,"href":"https:\/\/conslomasdezamora.esteri.it\/es\/wp-json\/wp\/v2\/users\/5"}],"replies":[{"embeddable":true,"href":"https:\/\/conslomasdezamora.esteri.it\/es\/wp-json\/wp\/v2\/comments?post=5923"}],"version-history":[{"count":6,"href":"https:\/\/conslomasdezamora.esteri.it\/es\/wp-json\/wp\/v2\/pages\/5923\/revisions"}],"predecessor-version":[{"id":6299,"href":"https:\/\/conslomasdezamora.esteri.it\/es\/wp-json\/wp\/v2\/pages\/5923\/revisions\/6299"}],"up":[{"embeddable":true,"href":"https:\/\/conslomasdezamora.esteri.it\/es\/wp-json\/wp\/v2\/pages\/164"}],"wp:featuredmedia":[{"embeddable":true,"href":"https:\/\/conslomasdezamora.esteri.it\/es\/wp-json\/wp\/v2\/media\/5935"}],"wp:attachment":[{"href":"https:\/\/conslomasdezamora.esteri.it\/es\/wp-json\/wp\/v2\/media?parent=5923"}],"curies":[{"name":"wp","href":"https:\/\/api.w.org\/{rel}","templated":true}]}}

<p><strong>Todas las informaciones, comunicados, formularios y calendario serán publicados en esta sección.</strong></p>
<p>20/07/2026 – <a href="https://www.esteri.it/it/sala_stampa/archivionotizie/eventi/2026/05/elezioni-dei-comites-2026/"><strong>Inicio campaña informativa</strong></a></p>
<p>13/08/2026 &#8211; <strong><a href="https://conslomasdezamora.esteri.it/es/news/dal_consolato/2026/08/modalita-per-la-richiesta-di-iscrizione-nellelenco-elettorale/">Modalidad para solicitar inscripción en el padrón</a></strong></p>
<p>31/08/2026 &#8211; <a href="https://conslomasdezamora.esteri.it/es/news/dal_consolato/2026/08/predisposizione-e-presentazione-liste-elettorali/"><strong>Predisposición y presentación de las listas electorales</strong></a></p>
<p>02/09/2026 &#8211; <a href="https://conslomasdezamora.esteri.it/wp-content/uploads/2026/09/Modulo-accettazione-candidatura.pdf"><span style="text-decoration: underline;"><strong>Módulo aceptación candidatura elecciones Comites</strong></span></a></p>
<p>03/09/2026 &#8211; <a href="https://conslomasdezamora.esteri.it/wp-content/uploads/2026/09/Decreto-indizione-elezioni-Comites-2026.pdf"><strong>Decreto convocatoria elecciones Comites</strong></a></p>
<p>En 2026 tendrán lugar las elecciones para la renovación de los Comités de los Italianos en el Exterior (Com.It.Es).</p>
<p>Los Com.It.Es. son organismos que representan a los connacionales en el exterior en sus relaciones con Embajadas y Consulados, y favorecen su integración. Asimismo, tienen la tarea de preservar la memoria histórica de la emigración italiana y de valorizar la contribución italiana en las sociedades en las que operan.</p>
<p>Pueden ser instituidos en las Circunscripciones Consulares que superen los 3.000 inscriptos AIRE y están compuestos por 12 miembros en las comunidades de hasta 100.000 connacionales y por 18 miembros en las comunidades que superen dicho umbral. Los miembros de los comités permanecen en funciones durante 5 años.</p>
<p>La votación para las elecciones se realiza por correspondencia y podrán participar los connacionales residentes desde al menos 6 meses en la Circunscripción Consular de pertenencia.</p>
<p>El Ministerio de Asuntos Exteriores y de la Cooperación Internacional reafirma la importancia de la participación en la votación, momento esencial para fortalecer la representación de las numerosas comunidades italianas en el exterior. Los Comités constituyen, de hecho, un punto de referencia constante para los connacionales, actuando como portavoces de sus necesidades y promoviendo sus intereses en los territorios de pertenencia.</p>
<p>La Farnesina invita por lo tanto a todos los ciudadanos italianos residentes en el exterior a participar activamente en esta importante cita democrática, contribuyendo así a sostener y valorizar a su comunidad italiana de referencia.</p>
<p><strong>¿Qué es el Com.It.Es?</strong><br />
El Com.It.Es es un organismo representativo de la colectividad italiana que trabaja para lograr la integración de la comunidad italiana residente en el País extranjero donde se ubica.</p>
<p><strong>¿Qué hace el Com.It.Es.?</strong><br />
Representa a los conciudadanos en el exterior en sus relaciones con las Embajadas y los Consulados y favorece la integración de los mismos. Asimismo, tiene la función de preservar la memoria histórica de la emigración italiana y poner en valor el aporte italiano en las sociedades en las que desarrolla sus actividades.</p>
<p><strong>¿Cuándo se forma y quiénes lo integran?</strong><br />
El Com.It.Es. puede constituirse en las Circunscripciones Consulares que superen los 3.000 inscriptos en el AIRE y está integrado por 12 miembros en las comunidades de hasta 100.000 connacionales y por 18 miembros en las comunidades que superen ese número. Los miembros de los comités permanecen en sus funciones durante 5 años.</p>
<p><strong>¿Para qué se vota?</strong><br />
Se vota para la renovación del Comites para los Italianos en el Exterior.</p>
<p><strong>¿Cuándo y cómo se vota?</strong><br />
Podrán participar los ciudadanos italianos mayores de 18 años inscriptos al AIRE (Registro de los Italianos Residentes en el Exterior), residentes en la circunscripción consular desde al menos 6 meses antes de la fecha de las elecciones y que hayan presentado ante la sede consular correspondiente la solicitud de inscripción en el padrón electoral.</p>

Todas las informaciones, comunicados, formularios y calendario serán publicados en esta sección. 20/07/2026 – Inicio campaña informativa 13/08/2026 &#8211; Modalidad para solicitar inscripción en el padrón 31/08/2026 &#8211; Predisposición y presentación de las listas electorales 02/09/2026 &#8211; Módulo aceptación candidatura elecciones Comites 03/09/2026 &#8211; Decreto convocatoria elecciones Comites En 2026 tendrán lugar las elecciones para la [&hellip;]
