{"id":127,"date":"2023-04-03T19:15:16","date_gmt":"2023-04-03T22:15:16","guid":{"rendered":"https:\/\/conslomasdezamora.esteri.it\/chi-siamo\/il-console-generale\/"},"modified":"2025-03-13T11:03:11","modified_gmt":"2025-03-13T14:03:11","slug":"il-console-generale","status":"publish","type":"page","link":"https:\/\/conslomasdezamora.esteri.it\/es\/chi-siamo\/il-console-generale\/","title":{"rendered":"El Agente Consular"},"content":{"rendered":"<p><img loading=\"lazy\" decoding=\"async\" class=\"alignnone size-medium wp-image-311 img-fluid\" src=\"https:\/\/conslomasdezamora.esteri.it\/wp-content\/uploads\/2023\/07\/palozzi_foto_sito-179x300.jpg\" alt=\"palozzi_foto_sito\" width=\"179\" height=\"300\" srcset=\"https:\/\/conslomasdezamora.esteri.it\/wp-content\/uploads\/2023\/07\/palozzi_foto_sito-179x300.jpg 179w, https:\/\/conslomasdezamora.esteri.it\/wp-content\/uploads\/2023\/07\/palozzi_foto_sito-611x1024.jpg 611w, https:\/\/conslomasdezamora.esteri.it\/wp-content\/uploads\/2023\/07\/palozzi_foto_sito.jpg 764w\" sizes=\"auto, (max-width: 179px) 100vw, 179px\" \/><\/p>\n<p>Massimo Palozzi naci\u00f3 en Roma el 8 de setiembre de 1968. Luego de alcanzar su t\u00edtulo en Derecho otorgado por la Universidad La Sapienza, obtuvo un M\u00e1ster en \u201cOrganizaci\u00f3n, management, innovaci\u00f3n en las administraciones p\u00fablicas\u201d.<\/p>\n<p>Periodista freelance, gan\u00f3 un premio literario de narrativa, escribi\u00f3 un libro de investigaci\u00f3n etimol\u00f3gica y fue administrador p\u00fablico.<\/p>\n<p>Cubri\u00f3 varios cargos en el Ministerio de Relaciones Exteriores y Cooperaci\u00f3n Internacional, tanto en la <em>Farnesina<\/em> como en el exterior, prestando servicio en las Embajadas de Italia en Teher\u00e1n (Ir\u00e1n), Sarajevo (Bosnia-Erzegovina), Baghdad (Iraq) y en el Consulado de Erbil (Kurdist\u00e1n iraqu\u00ed).<\/p>\n<p>El 30 de mayo de 2022 tom\u00f3 servicio en Lomas de Zamora, una de las nueve sedes consulares en Argentina, en cuya jurisdicc\u00f3n se encuentran los siguientes partidos de la provincia de Buenos Aires: Almirante Brown, Esteban Echeverr\u00eda, Ezeiza, Lan\u00fas, Lomas de Zamora, Presidente Per\u00f3n y San Vicente.<\/p>\n","protected":false},"excerpt":{"rendered":"Massimo Palozzi naci\u00f3 en Roma el 8 de setiembre de 1968. Luego de alcanzar su t\u00edtulo en Derecho otorgado por la Universidad La Sapienza, obtuvo un M\u00e1ster en \u201cOrganizaci\u00f3n, management, innovaci\u00f3n en las administraciones p\u00fablicas\u201d. Periodista freelance, gan\u00f3 un premio literario de narrativa, escribi\u00f3 un libro de investigaci\u00f3n etimol\u00f3gica y fue administrador p\u00fablico. Cubri\u00f3 varios [&hellip;]","protected":false},"author":1,"featured_media":311,"parent":123,"menu_order":0,"comment_status":"closed","ping_status":"closed","template":"","meta":{"footnotes":""},"class_list":["post-127","page","type-page","status-publish","has-post-thumbnail","hentry"],"_links":{"self":[{"href":"https:\/\/conslomasdezamora.esteri.it\/es\/wp-json\/wp\/v2\/pages\/127","targetHints":{"allow":["GET"]}}],"collection":[{"href":"https:\/\/conslomasdezamora.esteri.it\/es\/wp-json\/wp\/v2\/pages"}],"about":[{"href":"https:\/\/conslomasdezamora.esteri.it\/es\/wp-json\/wp\/v2\/types\/page"}],"author":[{"embeddable":true,"href":"https:\/\/conslomasdezamora.esteri.it\/es\/wp-json\/wp\/v2\/users\/1"}],"replies":[{"embeddable":true,"href":"https:\/\/conslomasdezamora.esteri.it\/es\/wp-json\/wp\/v2\/comments?post=127"}],"version-history":[{"count":6,"href":"https:\/\/conslomasdezamora.esteri.it\/es\/wp-json\/wp\/v2\/pages\/127\/revisions"}],"predecessor-version":[{"id":3143,"href":"https:\/\/conslomasdezamora.esteri.it\/es\/wp-json\/wp\/v2\/pages\/127\/revisions\/3143"}],"up":[{"embeddable":true,"href":"https:\/\/conslomasdezamora.esteri.it\/es\/wp-json\/wp\/v2\/pages\/123"}],"wp:featuredmedia":[{"embeddable":true,"href":"https:\/\/conslomasdezamora.esteri.it\/es\/wp-json\/wp\/v2\/media\/311"}],"wp:attachment":[{"href":"https:\/\/conslomasdezamora.esteri.it\/es\/wp-json\/wp\/v2\/media?parent=127"}],"curies":[{"name":"wp","href":"https:\/\/api.w.org\/{rel}","templated":true}]}}

<p><img loading="lazy" decoding="async" class="alignnone size-medium wp-image-311 img-fluid" src="https://conslomasdezamora.esteri.it/wp-content/uploads/2023/07/palozzi_foto_sito-179x300.jpg" alt="palozzi_foto_sito" width="179" height="300" srcset="https://conslomasdezamora.esteri.it/wp-content/uploads/2023/07/palozzi_foto_sito-179x300.jpg 179w, https://conslomasdezamora.esteri.it/wp-content/uploads/2023/07/palozzi_foto_sito-611x1024.jpg 611w, https://conslomasdezamora.esteri.it/wp-content/uploads/2023/07/palozzi_foto_sito.jpg 764w" sizes="auto, (max-width: 179px) 100vw, 179px" /></p>
<p>Massimo Palozzi nació en Roma el 8 de setiembre de 1968. Luego de alcanzar su título en Derecho otorgado por la Universidad La Sapienza, obtuvo un Máster en “Organización, management, innovación en las administraciones públicas”.</p>
<p>Periodista freelance, ganó un premio literario de narrativa, escribió un libro de investigación etimológica y fue administrador público.</p>
<p>Cubrió varios cargos en el Ministerio de Relaciones Exteriores y Cooperación Internacional, tanto en la <em>Farnesina</em> como en el exterior, prestando servicio en las Embajadas de Italia en Teherán (Irán), Sarajevo (Bosnia-Erzegovina), Baghdad (Iraq) y en el Consulado de Erbil (Kurdistán iraquí).</p>
<p>El 30 de mayo de 2022 tomó servicio en Lomas de Zamora, una de las nueve sedes consulares en Argentina, en cuya jurisdiccón se encuentran los siguientes partidos de la provincia de Buenos Aires: Almirante Brown, Esteban Echeverría, Ezeiza, Lanús, Lomas de Zamora, Presidente Perón y San Vicente.</p>

Massimo Palozzi nació en Roma el 8 de setiembre de 1968. Luego de alcanzar su título en Derecho otorgado por la Universidad La Sapienza, obtuvo un Máster en “Organización, management, innovación en las administraciones públicas”. Periodista freelance, ganó un premio literario de narrativa, escribió un libro de investigación etimológica y fue administrador público. Cubrió varios [&hellip;]
